 - c - 3*a + 72. What are the prime factors of c?
2, 3, 13
Let m = -26 + 30. Suppose 2*n + 204 = m*n. Let b = -34 + n. List the prime factors of b.
2, 17
Let s = -57 - -57. Suppose -6*x + 18 + 0 = s. Suppose -111 = -r - x*v, -3*r + 238 = -r + 2*v. List the prime factors of r.
3, 41
Suppose -1373*b = -1359*b - 818146. What are the prime factors of b?
58439
Let i = -1977 - -9776. What are the prime factors of i?
11, 709
Suppose 5*p + b = 3, -2*b + 1 = -3*p - 4*b. Let h be p*-16*(-25)/20. What are the prime factors of (0 + -2)/(h/(-190))?
19
Suppose 691888 = 55*j + 277*j. What are the prime factors of j?
2, 521
Let v(y) = 2*y**2 - 5*y - 14. Let a be v(5). Suppose -264 = 8*r - a*r + 3*b, 0 = -r + 5*b + 72. List the prime factors of r.
2, 23
Suppose -7670 = -5*o - 5*r, 6*o - 3*r - 6157 = 2*o. Suppose 0 = -15*z + o + 968. List the prime factors of z.
167
Let i = 11 + 19. Suppose 1668 = -i*f + 36*f. List the prime factors of f.
2, 139
Suppose 47*z + 16340 = 68228. What are the prime factors of z?
2, 3, 23
Let u = 18997 - 2947. What are the prime factors of u?
2, 3, 5, 107
Let v(k) = 2*k**2 - k + 25. Let q be (2 - (1 + -2)) + 30/(-1). Let p = q - -33. List the prime factors of v(p).
7, 13
Let l be 50 - ((-9)/(-3) + 0). Let r(o) = 101*o**2 + 6*o - 2. Let h be r(1). Let m = h - l. What are the prime factors of m?
2, 29
Let u(m) = m**3 + 21*m**2 - 22*m + 48. Let o be u(-22). Suppose o*n - 122 = 47*n. Suppose 3*c - 5*c = -n. List the prime factors of c.
61
Let l = 7 - 5. Suppose -78 = -21*m - 11*m + 6*m. Suppose -m*x + 438 = -2*a, 7*x - 5*a - 735 = l*x. What are the prime factors of x?
2, 3
Let h(l) = -2*l**3 + 2*l**2 + 47*l + 14. Suppose -30 = 3*i - 3*x, -i + 2*x + 0 - 14 = 0. List the prime factors of h(i).
2, 59
Let x(u) be the first derivative of 65*u**2/2 - 6*u - 194. What are the prime factors of x(13)?
839
Suppose 57*b = -44*b + 441168. What are the prime factors of b?
2, 3, 7, 13
Suppose -4*a - 21*a - 193804 + 570804 = 0. What are the prime factors of a?
2, 5, 13, 29
Let n(j) = -18*j**2 - 3*j - 3. Let y be n(-3). Let i be (2/(-4))/((-26)/y). What are the prime factors of (-7842)/(-36) - i/18?
2, 109
Let d = 19186 + -7689. What are the prime factors of d?
11497
List the prime factors of 42/(-70) - (-975142)/70.
2, 5, 7, 199
Let v be -196*(2 + (-25)/10). Let s = v - 103. Let o(n) = 7*n**2 - 9*n - 6. List the prime factors of o(s).
2, 107
Let p(z) = -17*z**3 - 68*z**2 + 10*z - 10. List the prime factors of p(-11).
109, 131
Let x(t) = -3*t**2 + 245*t + 201. List the prime factors of x(38).
5179
Let m = -5113 + 13918. List the prime factors of m.
3, 5, 587
Suppose -2*t - 15 = -9. Let s be ((-16)/28)/(t/42). Suppose -s*n + 5*n = -q + 66, 2*q = 5*n + 135. What are the prime factors of q?
3, 5
Let z(a) = a**3 + 6*a**2 - 10*a - 4. Let x be z(-6). What are the prime factors of x + (0*2/(-4))/(-2)?
2, 7
Let m(a) = -a**3 + 27*a**2 - 7*a**2 - 6*a + 16 - 8*a**2. What are the prime factors of m(8)?
2, 7
Let k = -4507 + 8786. List the prime factors of k.
11, 389
Suppose -4*o + 4 = -2*z, -7*o + 2*o = -5*z. Suppose -3*c + 5*p + 75 = 4*p, o*c - 54 = 2*p. List the prime factors of 576/10 - c/(-60).
2, 29
Suppose 259 + 121 = -2*f. Let b = f + 34. Let r = -88 - b. List the prime factors of r.
2, 17
Suppose 43*n - 26004 = 21*n. Let v = n - -407. List the prime factors of v.
7, 227
Let d = 393 + -103. Suppose 5*f - 335 = d. List the prime factors of f/9 - 17/(-153).
2, 7
Let b be (-4 - 8/(-2))/(-1 - 1). Let v(d) = d**2 + d + 3. Let c be v(b). Suppose m + u = 32 + 16, 0 = -c*m - 4*u + 139. What are the prime factors of m?
53
Let t = 56385 + -28007. List the prime factors of t.
2, 7, 2027
What are the prime factors of (-337290)/(-8) - 211/844?
7, 19, 317
Let z = 105 + -104. What are the prime factors of 15631/29 - (-1 - z)?
541
Let v = 2732 + 9498. What are the prime factors of v?
2, 5, 1223
Let m(b) = b**2 + 4*b + 11. Let n be m(-5). Let r = 16 - n. Suppose r = 2*h - 3*y - 65, 2*h - 3*h - 5*y = -13. What are the prime factors of h?
2, 7
Suppose 4*p + 517 - 79 = -2*l, 4*p - 8 = 0. Let h be l/3 + 3/(27/(-6)). Let v = 167 + h. What are the prime factors of v?
2, 23
Let i = 15588 - 7510. List the prime factors of i.
2, 7, 577
Suppose 0 = 4*u + 329*y - 333*y - 287860, -u + 3*y + 71959 = 0. List the prime factors of u.
2, 13, 173
Suppose -36*m = -40*m - 148. Let i = m - -39. Suppose -3*s - i = -347. What are the prime factors of s?
5, 23
Let v(t) = t - 7. Let k be v(11). List the prime factors of -7 + (k - 3 - -3) - -428.
5, 17
Let x(q) = -8*q**3 + 45*q**2 + 71*q - 1. Let r(w) = 3*w**3 - 23*w**2 - 35*w. Let l(c) = -5*r(c) - 2*x(c). What are the prime factors of l(-23)?
7, 43
Suppose 0 = -24*p + 12*p + 24. Suppose 2*a = -10, -v - a - 3 = -p. Suppose s - x = 175, -4*x = v*s - 2*x - 712. List the prime factors of s.
3, 59
Let p(q) = 138*q**2 + 46*q + 603. What are the prime factors of p(-12)?
3, 29, 229
Let z(t) = -25*t - 33. Let v(f) = 37*f + 50. Let l(k) = -5*v(k) - 8*z(k). Let p be l(-6). Let a = 21 - p. What are the prime factors of a?
97
Suppose 5*o - 5*b = 157415, -2563*b + 2568*b - 94441 = -3*o. List the prime factors of o.
2, 3, 11, 53
Suppose 11*v - 43 + 10 = 0. Suppose 31*h - 1391 = 26*h - v*a, 5*a = -3*h + 841. List the prime factors of h.
277
Suppose 396*l - 7129160 = -96*l + 1442464. List the prime factors of l.
2, 31, 281
Let a = 10619 + -5891. What are the prime factors of a?
2, 3, 197
Let b(u) = -u**3 + 23*u**2 - u + 24. Let n be b(23). Suppose o - 81 - n = 0. Suppose -o = -3*y - 1. What are the prime factors of y?
3
Suppose 3*q + 40 = 49. Suppose -25 = -q*b + 8. What are the prime factors of (b/(-2) + 0)/((-7)/42)?
3, 11
Let l(b) = 87*b**2 - 2*b. Let s be l(1). Let f = s + 187. Let n = -179 + f. What are the prime factors of n?
3, 31
Suppose 0 = 4*b - 2*l - 100318, 50164 = 2*b + 29*l - 25*l. What are the prime factors of b?
2, 3, 5, 11, 19
Let t be 80/6 + 9/(-27). Let f = t + -8. Suppose 5*w = 4*b - 316, -4*b - b - f*w + 350 = 0. List the prime factors of b.
2, 37
Suppose 975 = 4*g - x, 2*g - 82 = x + 403. Suppose 69 + g = 2*o. Suppose -4*t + 51 = l - 2*t, -3*l - 5*t = -o. What are the prime factors of l?
59
Let q be (-9)/(-6)*(1655 + (8 - 1)). Let m = q - 1039. What are the prime factors of m?
2, 727
Suppose 0 = i - 4*h + 229, 2*i + 5*h - 166 = -585. Let y = 330 + i. What are the prime factors of y?
113
Let h = -132 + 141. Suppose 0*l = -h*l + 117. List the prime factors of l.
13
List the prime factors of (216/(-180))/(8/10) + 17349/2.
3, 7, 59
List the prime factors of (-19)/((-57)/(-381))*(15/(-1))/1.
3, 5, 127
Let x = 24547 - -14222. List the prime factors of x.
3, 12923
Suppose -4*s = 4*x - 48, 5*x - 24 = -2*s + 8*x. Suppose -s*b - 3462 = -8994. What are the prime factors of b?
461
Let l(s) = 892*s**2 + 14*s + 36. List the prime factors of l(-3).
2, 3, 7, 191
Let a(t) = 4*t**3 + 2*t**2 - 6. Let z be (8/((-64)/(-90)))/((-1)/4). Let h be 1 + 5 + z/15. What are the prime factors of a(h)?
2, 3, 5
List the prime factors of (-17 - 324)*29974/(-154).
31, 2141
Let t(b) = -b**3 + 7*b**2 - 7*b + 8. Let y be t(6). Suppose 66 = -28*u + 178. List the prime factors of (-1)/y + 110/u.
3
Suppose 1162914 = 31*v + 70*v. What are the prime factors of v?
2, 3, 19, 101
Let j(i) be the second derivative of 7*i**4/2 + i**2/2 + 10*i. Let b be j(1). Suppose -b*v = -38*v - 450. List the prime factors of v.
2, 3, 5
Let f(u) = u**3 + 110*u**2 - 268*u + 463. List the prime factors of f(-108).
5, 53, 199
Suppose -6527*u + 6526*u + 46580 = 5*f, -2*u - 3*f = -93209. List the prime factors of u.
5, 9323
Let z(m) = 6*m - 31. Let d be z(6). Suppose -d*c + x = -8*c + 851, x - 1134 = -4*c. What are the prime factors of c?
283
What are the prime factors of (-17)/136 + 414756/32?
13, 997
Let j(r) be the second derivative of -r**5/10 - 7*r**4/12 + 8*r**3/3 - 13*r**2 + 21*r. Let a be j(-13). Suppose 2*d + a = 15*d. List the prime factors of d.
229
Let p be (1/((-4)/4))/(8/16). List the prime factors of (3 - -4) + (1045 - p).
2, 17, 31
Suppose -4*z + 45496 = -21*m + 18*m, 2*m - 22748 = -2*z. List the prime factors of z.
2, 11, 47
Suppose -3*c + 5*w - 410 = -5*c, 798 = 4*c - w. Suppose -22*d = 3058 - 3146. Suppose -3*h - m = -584, h - d*m = m + c. What are the prime factors of h?
3, 5, 13
Suppose